{"id":600,"date":"2024-07-07T16:07:06","date_gmt":"2024-07-07T14:07:06","guid":{"rendered":"https:\/\/www.val74.fr\/?page_id=600"},"modified":"2025-09-29T16:00:53","modified_gmt":"2025-09-29T14:00:53","slug":"gym-douce","status":"publish","type":"page","link":"https:\/\/www.val74.fr\/index.php\/activites-a-lannee\/gym-douce\/","title":{"rendered":"Gym Douce"},"content":{"rendered":"\n<p><\/p>\n\n\n\n<h3 class=\"wp-block-heading\">Renseignements et inscriptions<\/h3>\n\n\n\n<p>L&rsquo;inscription se fera le jour de l&rsquo;assembl\u00e9 g\u00e9n\u00e9rale, ainsi que pendant les premiers cours de chaque activit\u00e9s<\/p>\n\n\n\n<p>Voir dans la rubrique \u00ab&nbsp;<a href=\"https:\/\/www.val74.fr\/index.php\/category\/evenements\/\" data-type=\"category\" data-id=\"10\">\u00e9v\u00e8nements&nbsp;<\/a>\u00bb<\/p>\n\n\n\n<h3 class=\"wp-block-heading\"><strong>L\u2019adh\u00e9sion 2025\/202<\/strong>6<\/h3>\n\n\n\n<p>L\u2019adh\u00e9sion \u00e0 l\u2019association est annuelle.<\/p>\n\n\n\n<p>Elle est obligatoire pour pratiquer une ou&nbsp;plusieurs activit\u00e9s. Chaque activit\u00e9 fait l\u2019objet&nbsp;d\u2019une tarification diff\u00e9rente \u00e9tudi\u00e9e en fonction&nbsp;des moyens mis en \u0153uvre pour sa pratique.<\/p>\n\n\n\n<p>Tout r\u00e8glement se fait obligatoirement par&nbsp;ch\u00e8que bancaire libell\u00e9 \u00e0 l\u2019ordre de Vaulx Amiti\u00e9 Loisirs<\/p>\n\n\n\n<h4 class=\"wp-block-heading\"><strong>Tarifs adh\u00e9sion<\/strong><\/h4>\n\n\n\n<ul class=\"wp-block-list\">\n<li>Individuel ou famille 16\u20ac<\/li>\n<\/ul>\n\n\n\n<h4 class=\"wp-block-heading\"><strong>L&rsquo;activit\u00e9 Gym Douce<\/strong><\/h4>\n\n\n\n<figure class=\"wp-block-table is-style-stripes\"><table><tbody><tr><td>Horaire<\/td><td>Vendredi de 08h30 \u00e0 09h30 (hors p\u00e9riode de vacances scolaires)<\/td><\/tr><tr><td>Professeur<\/td><td>Kelly CHALLUT<\/td><\/tr><tr><td>Lieu<\/td><td>salle communale<\/td><\/tr><tr><td>D\u00e9but des cours<\/td><td>08\/09\/2025<\/td><\/tr><tr><td>Nombre de participants minimum<\/td><td>10<\/td><\/tr><tr><td>Nombre de cours<\/td><td>32<\/td><\/tr><tr><td>Tarifs<\/td><td>170 \u20ac<\/td><\/tr><\/tbody><\/table><\/figure>\n\n\n\n<figure class=\"wp-block-gallery has-nested-images columns-default is-cropped wp-block-gallery-1 is-layout-flex wp-block-gallery-is-layout-flex\"><\/figure>\n","protected":false},"excerpt":{"rendered":"<p>Renseignements et inscriptions L&rsquo;inscription se fera le jour de l&rsquo;assembl\u00e9 g\u00e9n\u00e9rale, ainsi que pendant les premiers cours de chaque activit\u00e9s Voir dans la rubrique \u00ab&nbsp;\u00e9v\u00e8nements&nbsp;\u00bb L\u2019adh\u00e9sion 2025\/2026 L\u2019adh\u00e9sion \u00e0 l\u2019association&hellip;&nbsp;<a href=\"https:\/\/www.val74.fr\/index.php\/activites-a-lannee\/gym-douce\/\" class=\"\" rel=\"bookmark\">Lire la suite &raquo;<span class=\"screen-reader-text\">Gym Douce<\/span><\/a><\/p>\n","protected":false},"author":1,"featured_media":0,"parent":25,"menu_order":0,"comment_status":"closed","ping_status":"closed","template":"","meta":{"neve_meta_sidebar":"","neve_meta_container":"","neve_meta_enable_content_width":"","neve_meta_content_width":0,"neve_meta_title_alignment":"","neve_meta_author_avatar":"","neve_post_elements_order":"","neve_meta_disable_header":"","neve_meta_disable_footer":"","neve_meta_disable_title":"","_themeisle_gutenberg_block_has_review":false,"_ti_tpc_template_sync":false,"_ti_tpc_template_id":"","footnotes":""},"class_list":["post-600","page","type-page","status-publish","hentry"],"_links":{"self":[{"href":"https:\/\/www.val74.fr\/index.php\/wp-json\/wp\/v2\/pages\/600","targetHints":{"allow":["GET"]}}],"collection":[{"href":"https:\/\/www.val74.fr\/index.php\/wp-json\/wp\/v2\/pages"}],"about":[{"href":"https:\/\/www.val74.fr\/index.php\/wp-json\/wp\/v2\/types\/page"}],"author":[{"embeddable":true,"href":"https:\/\/www.val74.fr\/index.php\/wp-json\/wp\/v2\/users\/1"}],"replies":[{"embeddable":true,"href":"https:\/\/www.val74.fr\/index.php\/wp-json\/wp\/v2\/comments?post=600"}],"version-history":[{"count":5,"href":"https:\/\/www.val74.fr\/index.php\/wp-json\/wp\/v2\/pages\/600\/revisions"}],"predecessor-version":[{"id":751,"href":"https:\/\/www.val74.fr\/index.php\/wp-json\/wp\/v2\/pages\/600\/revisions\/751"}],"up":[{"embeddable":true,"href":"https:\/\/www.val74.fr\/index.php\/wp-json\/wp\/v2\/pages\/25"}],"wp:attachment":[{"href":"https:\/\/www.val74.fr\/index.php\/wp-json\/wp\/v2\/media?parent=600"}],"curies":[{"name":"wp","href":"https:\/\/api.w.org\/{rel}","templated":true}]}}