{"id":5,"date":"2024-06-25T09:12:05","date_gmt":"2024-06-25T07:12:05","guid":{"rendered":"http:\/\/www.val74.fr\/?page_id=5"},"modified":"2024-07-03T09:41:58","modified_gmt":"2024-07-03T07:41:58","slug":"historique","status":"publish","type":"page","link":"https:\/\/www.val74.fr\/index.php\/historique\/","title":{"rendered":"Historique"},"content":{"rendered":"\n<h3 class=\"wp-block-heading\">Saison 2021\/2022<\/h3>\n\n\n\n<ul class=\"wp-block-list\">\n<li>5 sorties ski les samedis 8, 15,\u00a022, 28\u00a0janvier et 5\u00a0f\u00e9vrier 2022.<\/li>\n<\/ul>\n\n\n\n<h3 class=\"wp-block-heading\">Saison 2020\/2021<\/h3>\n\n\n\n<ul class=\"wp-block-list\">\n<li>Couture, yoga, pilates, gym cardio, tonique, douce et stretching ont pu \u00eatre r\u00e9alis\u00e9s pendant seulement 4 semaines.<\/li>\n\n\n\n<li>Concours de belote, ski\/snowboard, cr\u00eape partie \/ croziflette et les feux de la St Jean n&rsquo;ont pas pu avoir lieu.<\/li>\n\n\n\n<li>Concours de p\u00e9tanque le samedi 19 juin\u00a02021.<\/li>\n<\/ul>\n\n\n\n<h3 class=\"wp-block-heading\">Saison 2019\/2020<\/h3>\n\n\n\n<ul class=\"wp-block-list\">\n<li>5 sorties ski et snowboard les samedis 11, 18,\u00a0\u00a025 janvier,\u00a01\u00a0et\u00a08\u00a0f\u00e9vrier 2020.<\/li>\n\n\n\n<li>Apr\u00e8s-midi cr\u00eapes, remise des m\u00e9dailles de ski et soir\u00e9e croziflette le samedi\u00a015 fevrier\u00a02020.<\/li>\n\n\n\n<li>Concours de belote le\u00a0dimanche 19 janvier 2020.<\/li>\n\n\n\n<li>Concours de p\u00e9tanque le samedi 5 septembre 2020.<\/li>\n<\/ul>\n\n\n\n<h3 class=\"wp-block-heading\">Saison 2018\/2019 :<\/h3>\n\n\n\n<ul class=\"wp-block-list\">\n<li>March\u00e9 de No\u00ebl \u00e0 Vaulx le 16 d\u00e9cembre 2018<\/li>\n\n\n\n<li>5 sorties ski et snowboard les samedis 12, 19, 26\u00a0janvier, 2\u00a0et 9\u00a0f\u00e9vrier 2019<\/li>\n\n\n\n<li>Apr\u00e8s-midi cr\u00eapes, remise des m\u00e9dailles de ski et soir\u00e9e croziflette le samedi 2\u00a0mars\u00a02019<\/li>\n\n\n\n<li>Sortie soir\u00e9e Pleine lune le samedi 23 mars 2019<\/li>\n\n\n\n<li>Concours de belote le\u00a0samedi 27 avril 2019<\/li>\n\n\n\n<li>Sortie Karting le samedi 1er juin 2019<\/li>\n\n\n\n<li>Feux de la St Jean le samedi 29\u00a0juin 2019<\/li>\n\n\n\n<li>Concours de p\u00e9tanque\u00a0le\u00a0samedi 6\u00a0juillet\u00a02019<\/li>\n\n\n\n<li>AG le vendredi 13\u00a0septembre 2019<\/li>\n<\/ul>\n\n\n\n<h3 class=\"wp-block-heading\">Saison 2017\/2018 :<\/h3>\n\n\n\n<ul class=\"wp-block-list\">\n<li>Sortie patinoire le\u00a0samedi 2\u00a0d\u00e9cembre 2017<\/li>\n\n\n\n<li>Concours de belote le\u00a0samedi 9 d\u00e9cembre 2017<\/li>\n\n\n\n<li>5 sorties ski et snowboard les samedis 13, 20, 27 janvier, 3 et 10 f\u00e9vrier 2018<\/li>\n\n\n\n<li>Apr\u00e8s-midi cr\u00eapes, remise des m\u00e9dailles de ski et soir\u00e9e croziflette le samedi 10\u00a0mars\u00a02018<\/li>\n\n\n\n<li>March\u00e9 \u00e0 Vaulx le\u00a0dimanche 15 avril 2018<\/li>\n\n\n\n<li>Concours de p\u00e9tanque\u00a0le\u00a0samedi 23 juin 2018<\/li>\n\n\n\n<li>Feux de la St Jean le samedi 30\u00a0juin 2018<\/li>\n\n\n\n<li>AG le vendredi 14\u00a0septembre 2018<\/li>\n<\/ul>\n\n\n\n<h3 class=\"wp-block-heading\">Saison 2016\/2017 :<\/h3>\n\n\n\n<ul class=\"wp-block-list\">\n<li>Nouvelles activit\u00e9s : Hip-hop Popping, Sophrologie et Th\u00e9\u00e2tre<\/li>\n\n\n\n<li>Vide-grenier le dimanche 11\u00a0Septembre 2016<\/li>\n\n\n\n<li>Sortie Karting le\u00a0dimanche 25 septembre 2016<\/li>\n\n\n\n<li>Sortie Patinoire le samedi 3 d\u00e9cembre 2016<\/li>\n\n\n\n<li>March\u00e9 de No\u00ebl le dimanche 18 d\u00e9cembre 2016<\/li>\n\n\n\n<li>5 sorties ski les samedis 7, 14, 21, 28\u00a0janvier et 4\u00a0f\u00e9vrier 2017<\/li>\n\n\n\n<li>Apr\u00e8s-midi cr\u00eapes, remise des m\u00e9dailles de ski et soir\u00e9e croziflette le samedi 11 F\u00e9vrier 2017<\/li>\n\n\n\n<li>Sortie pleine lune le samedi 11 mars 2017<\/li>\n\n\n\n<li>Concours de p\u00e9tanque\u00a0le\u00a0samedi 13 mai 2017<\/li>\n\n\n\n<li>Feux de la St Jean le samedi 24 juin 2017<\/li>\n\n\n\n<li>AG le vendredi 15 septembre 2017<\/li>\n<\/ul>\n\n\n\n<h3 class=\"wp-block-heading\">Saison 2015\/2016 :<\/h3>\n\n\n\n<ul class=\"wp-block-list\">\n<li>Nouvelles activit\u00e9s : Baby-gym,\u00a0Gymnastique au sol enfants,\u00a0Capoeira<\/li>\n\n\n\n<li>Vide-grenier le dimanche 20 septembre 2015<\/li>\n\n\n\n<li>5 sorties\u00a0ski enfants\u00a0les samedis 9, 16, 23, 30 janvier et 6 f\u00e9vrier 2016<\/li>\n\n\n\n<li>Apr\u00e8s-midi cr\u00eapes, remise des m\u00e9dailles de ski et soir\u00e9e croziflette le samedi 5 mars 2016<\/li>\n\n\n\n<li>Buvette au March\u00e9 \u00e0 Vaulx le dimanche 20 mars 2016<\/li>\n\n\n\n<li>Feux de la St Jean le samedi 25\u00a0juin 2016\u00a0\u00e0 19h30<\/li>\n\n\n\n<li>Stage de natation\u00a0\u00e0 Bellegarde sur Valserine du lundi 18\u00a0au vendredi 22\u00a0juillet 2016<\/li>\n\n\n\n<li>AG le vendredi 2\u00a0septembre 2016\u00a0\u00e0 20h<\/li>\n<\/ul>\n\n\n\n<h3 class=\"wp-block-heading\">Saison 2014\/2015 :<\/h3>\n\n\n\n<ul class=\"wp-block-list\">\n<li>Nouvelles activit\u00e9s :\u00a0VTT loisirs,\u00a0Zumba Kids<\/li>\n\n\n\n<li>Vide-grenier\u00a0le samedi 13 septembre 2014<\/li>\n\n\n\n<li>Sortie Laser game ados le vendredi 21 novembre 2014<\/li>\n\n\n\n<li>Sortie Hameau du P\u00e8re No\u00ebl enfants le lundi 22 D\u00e9cembre 2014<\/li>\n\n\n\n<li>5 sorties\u00a0ski enfants\u00a0les samedis 10, 17, 24, 31 janvier et 7 f\u00e9vrier 2015<\/li>\n\n\n\n<li>Apr\u00e8s-midi cr\u00eapes,\u00a0remise des m\u00e9dailles de ski, d\u00e9mo zumba\u00a0et soir\u00e9e croziflette le samedi 28 f\u00e9vrier 2015<\/li>\n\n\n\n<li>Sortie Pleine Lune le samedi 7 mars 2015<\/li>\n\n\n\n<li>Feux de la St Jean le samedi 27 juin 2015 \u00e0 19h30<\/li>\n\n\n\n<li>Stage piscine\u00a0\u00e0 Bellegarde sur Valserine du lundi 20 au vendredi 24 juillet 2015<\/li>\n\n\n\n<li>Stage de voile (Optimist)\u00a0au Lac de La Balme de Sillingy du mardi 18 au vendredi 21 ao\u00fbt 2015<\/li>\n\n\n\n<li>AG le vendredi 4 septembre 2015 \u00e0 20h<\/li>\n<\/ul>\n\n\n\n<h3 class=\"wp-block-heading\">Saison 2013\/2014 :<\/h3>\n\n\n\n<ul class=\"wp-block-list\">\n<li>Nouvelle activit\u00e9 : Zumba adultes<\/li>\n\n\n\n<li>Sortie Laser Game ados le vendredi 25 octobre 2013<\/li>\n\n\n\n<li>Sortie For\u00eat enchant\u00e9e enfants le lundi 23 d\u00e9cembre 2013<\/li>\n\n\n\n<li>5 sorties ski enfants les mercredis 8, 15, 22, 29 janvier et 5 f\u00e9vrier 2014<\/li>\n\n\n\n<li>Apr\u00e8s-midi cr\u00eapes,\u00a0remise des m\u00e9dailles de ski, d\u00e9mo zumba et soir\u00e9e croziflette le samedi 15 f\u00e9vrier 2014<\/li>\n\n\n\n<li>Sortie Bowling \u00e0 S\u00e9vrier le mercredi 21 mai 2014<\/li>\n\n\n\n<li>Feux de la St Jean\u00a0le samedi 28 juin 2014 \u00e0 19h30<\/li>\n\n\n\n<li>Stage piscine\u00a0\u00e0 Bellegarde sur Valserine du lundi 7 au vendredi 11 juillet 2014<\/li>\n\n\n\n<li>AG le jeudi 4 septembre 2014 \u00e0 20h30<\/li>\n<\/ul>\n\n\n\n<h3 class=\"wp-block-heading\">Saison 2012\/2013 :<\/h3>\n\n\n\n<ul class=\"wp-block-list\">\n<li>Nouvelle activit\u00e9 : cours de ping-pong (en plus du ping-pong loisirs)<\/li>\n\n\n\n<li>Stages de danse enfants et ados pendants les vacances<\/li>\n\n\n\n<li>Galette des rois &amp; Balade traditionnelle le samedi 5 janvier 2013<\/li>\n\n\n\n<li>5 sorties ski enfants au Grand-Bornand les mercredis 9, 16, 23, 30 janvier et 6 f\u00e9vrier 2013<\/li>\n\n\n\n<li>Sortie ski\/surf ados au Grand-Bornand le samedi 16 f\u00e9vrier 2013<\/li>\n\n\n\n<li>Sortie bowling-patinoire le mercredi 6 mars 2013<\/li>\n\n\n\n<li>Sortie Burean Paret le vendredi 15 mars 2013<\/li>\n\n\n\n<li>Sortie ski en famille au Grand-Bornand le dimanche 17 mars 2013<\/li>\n\n\n\n<li>Soir\u00e9e Pleine Lune le samedi 23 mars 2013<\/li>\n\n\n\n<li>Tournoi ping-pong le samedi 23 mars 2013<\/li>\n\n\n\n<li>Sortie Laser Game ados le vendredi 19 avril 2013<\/li>\n\n\n\n<li>Tournoi de foot inter-hameaux le samedi 1er juin 2013<\/li>\n\n\n\n<li>Sortie Laser Game ados le vendredi 14 juin 2013<\/li>\n\n\n\n<li>Feux de la St Jean le samedi 22 juin 2013 \u00e0 19h30<\/li>\n\n\n\n<li>AG le vendredi 30 ao\u00fbt 2013 \u00e0 20h30<\/li>\n<\/ul>\n\n\n\n<h3 class=\"wp-block-heading\">Saison 2011\/2012 :<\/h3>\n\n\n\n<ul class=\"wp-block-list\">\n<li>Nouvelles activit\u00e9s : New danse enfants et ados, Zumba adultes et Danse de couples (rock\/salsa)<\/li>\n\n\n\n<li>Stages de danse enfants et ados pendant les vacances<\/li>\n\n\n\n<li>Galette des rois &amp; Balade traditionnelle le samedi 7 janvier 2012<\/li>\n\n\n\n<li>5 sorties ski enfants les mercredis 4, 11, 18, 25 janvier et 1er f\u00e9vrier 2012<\/li>\n\n\n\n<li>Sortie Laser Game ados le vendredi 20 janvier 2012<\/li>\n\n\n\n<li>Sortie bowling-patinoire le mercredi 22 f\u00e9vrier 2012<\/li>\n\n\n\n<li>Soir\u00e9e Pleine Lune \u00e0 la Margeriaz le samedi 10 mars 2012<\/li>\n<\/ul>\n\n\n\n<h3 class=\"wp-block-heading\">Saison 2010\/2011 :<\/h3>\n\n\n\n<ul class=\"wp-block-list\">\n<li>Nouvelle activit\u00e9 : Architecture cr\u00e9ative florale<\/li>\n\n\n\n<li>Tournoi de foot inter-hameaux le dimanche 26 septembre 2010<\/li>\n\n\n\n<li>Balade familiale le dimanche 17 octobre 2010<\/li>\n\n\n\n<li>Galette des rois &amp; Balade traditionnelle le samedi 8 janvier 2011<\/li>\n\n\n\n<li>5 sorties ski enfants \u00e0 La Croix Fry les mercredis 5, 12, 19, 26 janvier et 2 f\u00e9vrier 2011<\/li>\n\n\n\n<li>Soir\u00e9e Laser Game ados le vendredi 28 janvier 2011<\/li>\n\n\n\n<li>Participation au tournoi de ping-pong de Rumilly le 12 f\u00e9vrier 2011<\/li>\n\n\n\n<li>Soir\u00e9e Pleine Lune au Semnoz le samedi 19 mars 2011<\/li>\n\n\n\n<li>Sortie Bowling-Patinoire le mercredi 2 mars 2011<\/li>\n\n\n\n<li>Feux de la St Jean le samedi 25 juin 2011 \u00e0 19h30<\/li>\n\n\n\n<li>Stage piscine \u00e0 Aix-les-Bains du lundi 4 au vendredi 8 juillet 2011<\/li>\n\n\n\n<li>AG le vendredi 2 septembre 2011 \u00e0 20h30<\/li>\n<\/ul>\n\n\n\n<h3 class=\"wp-block-heading\">Saison 2009\/2010 :<\/h3>\n\n\n\n<ul class=\"wp-block-list\">\n<li>Balade familiale le dimanche 27 septembre 2009<\/li>\n\n\n\n<li>Stand \u00e0 la Tro\u00eflla le dimanche 11 octobre 2009<\/li>\n\n\n\n<li>Galette des rois &amp; Balade traditionnelle le samedi 9 janvier 2010<\/li>\n\n\n\n<li>5 sorties ski enfants \u00e0 La Croix Fry les mercredis 6, 13, 20, 27 janvier et 3 f\u00e9vrier 2010<\/li>\n\n\n\n<li>Soir\u00e9e Laser Game ados le vendredi 29 janvier 2010<\/li>\n\n\n\n<li>Sortie ski\/surf ados au Grand-Bornand le dimanche 7 f\u00e9vrier 2010<\/li>\n\n\n\n<li>Sortie bowling-patinoire le mercredi 17 f\u00e9vrier 2010<\/li>\n<\/ul>\n\n\n\n<h3 class=\"wp-block-heading\">Saison 2008\/2009 :<\/h3>\n\n\n\n<ul class=\"wp-block-list\">\n<li>Nouvelle activit\u00e9 : Art floral<\/li>\n\n\n\n<li>5 sorties ski enfant \u00e0 la Croix-Fry \u00e0 partir du 7 janvier 2009<\/li>\n\n\n\n<li>Sortie bowling-patinoire le mercredi 18 f\u00e9vrier 2009<\/li>\n\n\n\n<li>Sortie pleine lune le samedi 7 mars 2009<\/li>\n\n\n\n<li>Journ\u00e9e ski, raquette le dimanche 15 mars 2009<\/li>\n\n\n\n<li>Feux de la St Jean le samedi 27 juin 2009 \u00e0 partir de 19h<\/li>\n\n\n\n<li>Stage piscine \u00e0 Aix-les-Bains du vendredi 3 au vendredi 10 juillet 2009<\/li>\n\n\n\n<li>AG le vendredi 4 septembre 2009 \u00e0 20h30<\/li>\n<\/ul>\n","protected":false},"excerpt":{"rendered":"<p>Saison 2021\/2022 Saison 2020\/2021 Saison 2019\/2020 Saison 2018\/2019 : Saison 2017\/2018 : Saison 2016\/2017 : Saison 2015\/2016 : Saison 2014\/2015 : Saison 2013\/2014 : Saison 2012\/2013 : Saison 2011\/2012 :&hellip;&nbsp;<a href=\"https:\/\/www.val74.fr\/index.php\/historique\/\" class=\"\" rel=\"bookmark\">Lire la suite &raquo;<span class=\"screen-reader-text\">Historique<\/span><\/a><\/p>\n","protected":false},"author":1,"featured_media":0,"parent":0,"menu_order":0,"comment_status":"closed","ping_status":"closed","template":"","meta":{"neve_meta_sidebar":"","neve_meta_container":"","neve_meta_enable_content_width":"","neve_meta_content_width":0,"neve_meta_title_alignment":"","neve_meta_author_avatar":"","neve_post_elements_order":"","neve_meta_disable_header":"","neve_meta_disable_footer":"","neve_meta_disable_title":"","_themeisle_gutenberg_block_has_review":false,"_ti_tpc_template_sync":false,"_ti_tpc_template_id":"","footnotes":""},"class_list":["post-5","page","type-page","status-publish","hentry"],"_links":{"self":[{"href":"https:\/\/www.val74.fr\/index.php\/wp-json\/wp\/v2\/pages\/5","targetHints":{"allow":["GET"]}}],"collection":[{"href":"https:\/\/www.val74.fr\/index.php\/wp-json\/wp\/v2\/pages"}],"about":[{"href":"https:\/\/www.val74.fr\/index.php\/wp-json\/wp\/v2\/types\/page"}],"author":[{"embeddable":true,"href":"https:\/\/www.val74.fr\/index.php\/wp-json\/wp\/v2\/users\/1"}],"replies":[{"embeddable":true,"href":"https:\/\/www.val74.fr\/index.php\/wp-json\/wp\/v2\/comments?post=5"}],"version-history":[{"count":3,"href":"https:\/\/www.val74.fr\/index.php\/wp-json\/wp\/v2\/pages\/5\/revisions"}],"predecessor-version":[{"id":555,"href":"https:\/\/www.val74.fr\/index.php\/wp-json\/wp\/v2\/pages\/5\/revisions\/555"}],"wp:attachment":[{"href":"https:\/\/www.val74.fr\/index.php\/wp-json\/wp\/v2\/media?parent=5"}],"curies":[{"name":"wp","href":"https:\/\/api.w.org\/{rel}","templated":true}]}}