{"id":17,"date":"2024-06-25T09:17:18","date_gmt":"2024-06-25T07:17:18","guid":{"rendered":"http:\/\/www.val74.fr\/?page_id=17"},"modified":"2025-09-29T16:11:39","modified_gmt":"2025-09-29T14:11:39","slug":"adherer","status":"publish","type":"page","link":"https:\/\/www.val74.fr\/index.php\/adherer\/","title":{"rendered":"Adh\u00e9rer"},"content":{"rendered":"\n<h3 class=\"wp-block-heading\">Adh\u00e9rer aux activit\u00e9s de VAL<\/h3>\n\n\n\n<p>VAL est une association \u00e0 laquelle vous adh\u00e9rez, vous souscrivez ainsi \u00e0 ses valeurs, vous vous impliquez dans la vie associative \u00e0 travers une activit\u00e9 r\u00e9guli\u00e8re, ponctuelle ou un \u00e9v\u00e9nement.<\/p>\n\n\n\n<p>Vous pouvez vous exprimer en votant \u00e0 l\u2019Assembl\u00e9e G\u00e9n\u00e9rale.<\/p>\n\n\n\n<p>Vous pouvez \u00e9galement devenir membre \u00e9lu au&nbsp;<strong><a href=\"https:\/\/val-74.e-monsite.com\/pages\/presentation\/equipe.html\">Conseil d\u2019Administration<\/a><\/strong>&nbsp;ou apporter votre aide lors de l\u2019organisation de manifestations ou d\u2019animations.<\/p>\n\n\n\n<p>L\u2019adh\u00e9sion est valable du 1er septembre au 31 ao\u00fbt.<\/p>\n\n\n\n<p><strong><u>Montant de l\u2019adh\u00e9sion :<\/u><\/strong><strong>&nbsp;<\/strong>16\u20ac par an et par famille<\/p>\n\n\n\n<p>La cotisation demand\u00e9e pour les activit\u00e9s r\u00e9guli\u00e8res ou ponctuelles est \u00e0 un tarif unique (m\u00eame tarif Vaulxois et ext\u00e9rieur).<\/p>\n","protected":false},"excerpt":{"rendered":"<p>Adh\u00e9rer aux activit\u00e9s de VAL VAL est une association \u00e0 laquelle vous adh\u00e9rez, vous souscrivez ainsi \u00e0 ses valeurs, vous vous impliquez dans la vie associative \u00e0 travers une activit\u00e9&hellip;&nbsp;<a href=\"https:\/\/www.val74.fr\/index.php\/adherer\/\" class=\"\" rel=\"bookmark\">Lire la suite &raquo;<span class=\"screen-reader-text\">Adh\u00e9rer<\/span><\/a><\/p>\n","protected":false},"author":1,"featured_media":0,"parent":0,"menu_order":0,"comment_status":"closed","ping_status":"closed","template":"","meta":{"neve_meta_sidebar":"","neve_meta_container":"","neve_meta_enable_content_width":"","neve_meta_content_width":0,"neve_meta_title_alignment":"","neve_meta_author_avatar":"","neve_post_elements_order":"","neve_meta_disable_header":"","neve_meta_disable_footer":"","neve_meta_disable_title":"","_themeisle_gutenberg_block_has_review":false,"_ti_tpc_template_sync":false,"_ti_tpc_template_id":"","footnotes":""},"class_list":["post-17","page","type-page","status-publish","hentry"],"_links":{"self":[{"href":"https:\/\/www.val74.fr\/index.php\/wp-json\/wp\/v2\/pages\/17","targetHints":{"allow":["GET"]}}],"collection":[{"href":"https:\/\/www.val74.fr\/index.php\/wp-json\/wp\/v2\/pages"}],"about":[{"href":"https:\/\/www.val74.fr\/index.php\/wp-json\/wp\/v2\/types\/page"}],"author":[{"embeddable":true,"href":"https:\/\/www.val74.fr\/index.php\/wp-json\/wp\/v2\/users\/1"}],"replies":[{"embeddable":true,"href":"https:\/\/www.val74.fr\/index.php\/wp-json\/wp\/v2\/comments?post=17"}],"version-history":[{"count":4,"href":"https:\/\/www.val74.fr\/index.php\/wp-json\/wp\/v2\/pages\/17\/revisions"}],"predecessor-version":[{"id":761,"href":"https:\/\/www.val74.fr\/index.php\/wp-json\/wp\/v2\/pages\/17\/revisions\/761"}],"wp:attachment":[{"href":"https:\/\/www.val74.fr\/index.php\/wp-json\/wp\/v2\/media?parent=17"}],"curies":[{"name":"wp","href":"https:\/\/api.w.org\/{rel}","templated":true}]}}