{"id":12,"date":"2024-06-25T09:15:55","date_gmt":"2024-06-25T07:15:55","guid":{"rendered":"http:\/\/www.val74.fr\/?page_id=12"},"modified":"2025-09-29T16:14:43","modified_gmt":"2025-09-29T14:14:43","slug":"notre-equipe","status":"publish","type":"page","link":"https:\/\/www.val74.fr\/index.php\/notre-equipe\/","title":{"rendered":"Notre \u00e9quipe"},"content":{"rendered":"\n<p>&nbsp;Le Conseil d&rsquo;Administration de&nbsp;<strong>Vaulx Amiti\u00e9 Loisirs<\/strong>&nbsp;est \u00e9lu tous les ans par les adh\u00e9rents lors de l&rsquo;Assembl\u00e9e G\u00e9n\u00e9rale.<\/p>\n\n\n\n<p>Il \u00e9lit ensuite le bureau : au minimum un pr\u00e9sident, un tr\u00e9sorier et un secr\u00e9taire.<\/p>\n\n\n\n<figure class=\"wp-block-table\"><table><tbody><tr><td>CADOUX<\/td><td>Micka\u00ebl<\/td><td>Pr\u00e9sident<\/td><\/tr><tr><td>LOBRY<\/td><td>Didier<\/td><td>Secr\u00e9taire<\/td><\/tr><tr><td>FLEURANT<\/td><td>Pierre<\/td><td>Tr\u00e9sorier<\/td><\/tr><tr><td>JACQUET<\/td><td>Pierre<\/td><td>Membre<\/td><\/tr><tr><td>LAURENT<\/td><td>Thomas<\/td><td>Membre<\/td><\/tr><tr><td>ADAMEC<\/td><td>Fabien<\/td><td>Membre<\/td><\/tr><tr><td>BESSON-MAGDELAIN<\/td><td>Carole<\/td><td>Membre<\/td><\/tr><tr><td>BONHOMME<\/td><td>Guillaume<\/td><td>Membre<\/td><\/tr><tr><td>CHAILLOU<\/td><td>Christophe<\/td><td>Membre<\/td><\/tr><tr><td>DUPONT<\/td><td>Kevin<\/td><td>Membre<\/td><\/tr><tr><td>INSOGNA<\/td><td>William<\/td><td>Membre<\/td><\/tr><tr><td>LEVEQUE<\/td><td>Julie<\/td><td>Membre<\/td><\/tr><tr><td>MAILLET<\/td><td>Romain<\/td><td>Membre<\/td><\/tr><tr><td>PORCHERET&nbsp;<\/td><td>Maxie<\/td><td>Membre<\/td><\/tr><tr><td>VANGOUT<\/td><td>C\u00e9dric<\/td><td>Membre<\/td><\/tr><\/tbody><\/table><\/figure>\n","protected":false},"excerpt":{"rendered":"<p>&nbsp;Le Conseil d&rsquo;Administration de&nbsp;Vaulx Amiti\u00e9 Loisirs&nbsp;est \u00e9lu tous les ans par les adh\u00e9rents lors de l&rsquo;Assembl\u00e9e G\u00e9n\u00e9rale. Il \u00e9lit ensuite le bureau : au minimum un pr\u00e9sident, un tr\u00e9sorier et&hellip;&nbsp;<a href=\"https:\/\/www.val74.fr\/index.php\/notre-equipe\/\" class=\"\" rel=\"bookmark\">Lire la suite &raquo;<span class=\"screen-reader-text\">Notre \u00e9quipe<\/span><\/a><\/p>\n","protected":false},"author":1,"featured_media":0,"parent":0,"menu_order":0,"comment_status":"closed","ping_status":"closed","template":"","meta":{"neve_meta_sidebar":"","neve_meta_container":"","neve_meta_enable_content_width":"","neve_meta_content_width":0,"neve_meta_title_alignment":"","neve_meta_author_avatar":"","neve_post_elements_order":"","neve_meta_disable_header":"","neve_meta_disable_footer":"","neve_meta_disable_title":"","_themeisle_gutenberg_block_has_review":false,"_ti_tpc_template_sync":false,"_ti_tpc_template_id":"","footnotes":""},"class_list":["post-12","page","type-page","status-publish","hentry"],"_links":{"self":[{"href":"https:\/\/www.val74.fr\/index.php\/wp-json\/wp\/v2\/pages\/12","targetHints":{"allow":["GET"]}}],"collection":[{"href":"https:\/\/www.val74.fr\/index.php\/wp-json\/wp\/v2\/pages"}],"about":[{"href":"https:\/\/www.val74.fr\/index.php\/wp-json\/wp\/v2\/types\/page"}],"author":[{"embeddable":true,"href":"https:\/\/www.val74.fr\/index.php\/wp-json\/wp\/v2\/users\/1"}],"replies":[{"embeddable":true,"href":"https:\/\/www.val74.fr\/index.php\/wp-json\/wp\/v2\/comments?post=12"}],"version-history":[{"count":3,"href":"https:\/\/www.val74.fr\/index.php\/wp-json\/wp\/v2\/pages\/12\/revisions"}],"predecessor-version":[{"id":764,"href":"https:\/\/www.val74.fr\/index.php\/wp-json\/wp\/v2\/pages\/12\/revisions\/764"}],"wp:attachment":[{"href":"https:\/\/www.val74.fr\/index.php\/wp-json\/wp\/v2\/media?parent=12"}],"curies":[{"name":"wp","href":"https:\/\/api.w.org\/{rel}","templated":true}]}}